vided by i(-2)?
14
Let d = 80 + -73. What is the remainder when 26 is divided by d?
5
Let f = 3 + -2. Suppose b = -4*w - f, 0*w + 3*b = -3*w - 3. Calculate the remainder when 11 is divided by (-3)/(w + 9/(-12)).
3
Let r(j) = 3*j**2 - j + 5. Let c be 0 + 1 + 55 + 1. Suppose 58 = 3*o + b, c = 5*o - b - 29. What is the remainder when r(-3) is divided by o?
17
Let s = -30 + 48. Let k = s + -11. Calculate the remainder when 25 is divided by k.
4
Suppose 3*c + 9 = -0, 80 = 2*u - 2*c. Let l(m) = -3*m - 2. What is the remainder when u is divided by l(-7)?
18
Suppose -3*k + 3*t = -60, -2*k = -6*k - 4*t + 40. Suppose 3*j + 6 - k = 0. Calculate the remainder when 5 is divided by j.
2
Suppose 99 = 5*w - 4*f - 46, -5*f = 25. Calculate the remainder when 74 is divided by w.
24
Suppose 20 = -g + 6*g, -2*g + 60 = 4*h. Calculate the remainder when 36 is divided by h.
10
Suppose 2*o + 2*i = -22 + 118, 0 = 3*o - i - 152. What is the remainder when o is divided by 18?
14
Suppose 116 = 3*n + 23. Calculate the remainder when n is divided by 17.
14
Suppose -2 = -l - 5*y, -5*l + 0*y + 50 = 5*y. What is the remainder when 347 is divided by l?
11
Let p(u) = -3*u + 38. Calculate the remainder when p(-6) is divided by 5.
1
Suppose -3*u + 6*u - 18 = 0. Suppose -9 = -3*n + u. Let d = n - 3. Calculate the remainder when d is divided by 2.
0
Let d = 53 - 26. Suppose 0 = -4*b - 4*h + 44, 0 = -3*b + b - 3*h + d. Calculate the remainder when b is divided by 2.
0
Let v(s) = 6*s**2 - 2*s + 1. Let h be v(1). Suppose -t - a + 33 = 0, 0 = -0*t + 3*t - h*a - 59. Calculate the remainder when t is divided by (1 - (-2)/(-6))*15.
8
Let s(i) = -33*i**3 + i + 1. Let w = -11 + 13. Suppose u - w*u = -17. What is the remainder when s(-1) is divided by u?
16
Let s(d) = -19*d - 23. Calculate the remainder when s(-2) is divided by 11.
4
Suppose -6*i + i = 0. Let n be 0*(i + (-2)/2). Suppose n = -3*t + t + 20. What is the remainder when 18 is divided by t?
8
Let q(a) = a**2 - 10*a - 2. Suppose 17 = 2*d + 5*u - 30, d - 3*u + 4 = 0. Calculate the remainder when 33 is divided by q(d).
6
Let p(n) = 8*n - 24. Calculate the remainder when p(14) is divided by 7.
4
Suppose -4*l + 3*l + 32 = 0. Let d be 4/10*-1*-5. Suppose -3*w - 2*w - 42 = -d*v, 4*w = 2*v - 38. What is the remainder when l is divided by v?
10
Let k be 47/(-4) - 3/12. Calculate the remainder when (-2)/6 - 664/k is divided by 19.
17
Suppose -248*y + 244*y = -92. Calculate the remainder when y is divided by (-41)/(-3) - 4/6.
10
Let v(i) = -4*i + 5. Let d = -8 - -16. Calculate the remainder when v(-6) is divided by d.
5
Let v = 91 - 32. Let a(n) = 4*n**3 - 3*n**2 + n - 2. Calculate the remainder when v is divided by a(2).
19
Suppose 0 = 3*x + 2*s - 67, -3*s = -6*s - 12. Let v = -12 + x. What is the remainder when v is divided by 5?
3
Suppose -4 = 2*z + 8. Let t = z + 8. What is the remainder when 2 is divided by t?
0
Suppose 5*a - 6 = 64. Let k(w) = w - 8. Let r(c) = -5*c - 5. What is the remainder when r(-4) is divided by k(a)?
3
Suppose -4*z + 2*l - 7*l = -78, 0 = l - 2. Calculate the remainder when z is divided by (-46)/(-8) - (-5)/20.
5
Let f = 5 + -1. Suppose 150 = f*u - u. Suppose 4*r - 40 = -4*m, 0*r = -3*m + r + 42. Calculate the remainder when u is divided by m.
11
Suppose 0 = t - 7 - 3. What is the remainder when 17 is divided by t?
7
Suppose 3*o = k + 37, 65 = 3*o - 3*k + 26. Calculate the remainder when 22 is divided by o.
10
Suppose 12*k - 55 = 41. Let o = 27 + -7. Suppose -10 - o = -2*m. Calculate the remainder when m is divided by k.
7
Suppose r - 20 = 5. Suppose 4*a - 4*d = -0*d + 24, 0 = -5*d - r. Suppose -3*s + 4 = a. Calculate the remainder when 1 is divided by s.
0
Suppose 4*g - 64 = -0*y - 3*y, 0 = 5*g - 4*y - 49. Let f(p) = -p**2 + 12*p + 2. Let i be 3*-5*2/(-6). What is the remainder when f(i) is divided by g?
11
Let t = -7 + 14. What is the remainder when t is divided by 3?
1
Suppose 3*b = o + 24, 0 = -3*o + 5*b - 67 + 15. Let d(z) = 6*z - z**2 - 7*z + 2 - 12*z. What is the remainder when d(o) is divided by 13?
12
Suppose 0 = 3*k - 4*j - 32, -2*k - 5*j = -1 - 28. Let i = -7 + k. Let w(t) = -t**3 - 5*t**2 + 3*t. Calculate the remainder when w(-6) is divided by i.
3
Calculate the remainder when (88/(1 - -3))/((-4)/(-18)) is divided by 25.
24
Let a(i) = -i**2 - 9*i - 14. Suppose 126 = 4*d + 14. Calculate the remainder when d is divided by a(-5).
4
Let p(n) = 15*n**3 + n**2 - n + 1. Calculate the remainder when (-45 - -5)*(-9)/12 is divided by p(1).
14
Suppose 3*u - 150 = -0*u. Let g = u - -24. Calculate the remainder when g is divided by 19.
17
Let i(q) = -q**3 + q**2 + 41. What is the remainder when i(0) is divided by 21?
20
Suppose -v + 20 = -3*t + 2, 4*t + 20 = 0. Suppose 0*k + 19 = k - 3*i, -2*i + 68 = v*k. Calculate the remainder when k is divided by (-94)/(-8) + 7/28.
10
Let o = 29 - -17. What is the remainder when o is divided by 8?
6
Let p = 8 + -2. Let h = 10 + -6. What is the remainder when p is divided by h?
2
Let y be 1/(((-6)/(-8))/3). What is the remainder when 36 is divided by (-2)/(y/(-26) + 0)?
10
Let g = 90 - -28. Calculate the remainder when g is divided by 17.
16
Suppose 3*u = -4*o + 83, -35 = -2*u + 2*o - 3. What is the remainder when (-4)/((-16)/4) - -60 is divided by u?
19
Let s = -27 + 89. What is the remainder when s is divided by 16?
14
Let l(m) = -m**2 - 16*m + 23. Calculate the remainder when 9 is divided by l(-17).
3
Let l(f) = -10*f - 4. Calculate the remainder when l(-3) is divided by 9.
8
Let y(p) = -5*p - 6. Suppose -3*x - 2*x = 20. What is the remainder when y(x) is divided by 6?
2
Let k(l) = l**3 - 8*l**2 + 3*l - 17. Suppose 19*p = 22*p - 24. What is the remainder when 32 is divided by k(p)?
4
Let a = 11 - -3. Suppose 45 = 3*m - m + 5*b, 2*m - 48 = -2*b. What is the remainder when m is divided by a?
11
Calculate the remainder when 6 is divided by (-5)/(-15) - 22/(-6).
2
Let u = 28 + -20. Calculate the remainder when 14 is divided by u.
6
Suppose -1 - 14 = -5*w. Suppose 0 = -t + 4*n + 13, n + 13 = -w*t - 0. What is the remainder when 38 + (-2 - 3/t) is divided by 19?
18
Let k(x) = -x**2 + 15*x - 2. Let b = 3 - -7. Let u = b - 3. What is the remainder when k(14) is divided by u?
5
Suppose 3*p - 40 - 86 = 0. Calculate the remainder when 81 is divided by p.
39
Suppose -12 = 8*q - 9*q. Suppose -5 = -4*z + 11. Suppose -z*a + 110 = a. Calculate the remainder when a is divided by q.
10
Suppose -3*f + 45 = -j + 5, 3*j = -12. Calculate the remainder when 46 is divided by f.
10
Suppose -5*h = 82 - 337. Suppose -5*c + 147 = 2*r - 6*r, -5*c = 5*r - 120. Calculate the remainder when h is divided by c.
24
Suppose 0 = -s + 1 + 1. Suppose -n + 1 = -y, 0*y + 5*y - 13 = s*n. Let q = -4 + 8. What is the remainder when n is divided by q?
2
Let z = 46 + -27. Suppose -z + 59 = 5*y. Let b(i) = -i**3 - 4*i**2 + i - 5. What is the remainder when b(-5) is divided by y?
7
Suppose 23 = -0*l + l. Let m = 13 - 7. Suppose -m*q + 4*w = -q - 44, 0 = 3*q - 4*w - 20. What is the remainder when l is divided by q?
11
Let n(w) = 5*w - 62. Calculate the remainder when 13 is divided by n(14).
5
Let w = 12 + -3. Suppose -i = -3 - w. Suppose 0*x + 3*x = -3*o + 132, 4*x = -o + 179. Calculate the remainder when x is divided by i.
9
Let n = -15 + 36. What is the remainder when 83 is divided by n?
20
Let z = 33 - 0. Calculate the remainder when z is divided by 17.
16
Suppose -53 = -3*x + 385. Suppose -4*t + j + x = -0*j, 0 = 3*j - 6. What is the remainder when t is divided by 19?
18
Let o(a) = -a + 1. Let k be o(-1). Suppose -k*m = -3*p - 0*m + 53, 0 = 4*p + 2*m - 80. Let j = 69 + -14. Calculate the remainder when j is divided by p.
17
Suppose -3*p - 5*a + 252 = 0, -77 - 157 = -3*p + a. Calculate the remainder when p is divided by 27.
25
Suppose 2*k - 5*l = 19, -5*l + 6 - 46 = -5*k. Suppose 72 = 5*r - r + 4*s, 5*r - 94 = -3*s. What is the remainder when r is divided by k?
6
Suppose 3*z + 43 = 5*z - 3*u, -66 = -4*z + 2*u. Calculate the remainder when 25 is divided by z.
11
Suppose 15 = 5*n - 2*y, 5*n = -y - 4*y + 50. Suppose -6*i + 73 = -n. What is the remainder when 50 is divided by i?
11
Let u = 82 - 54. Calculate the remainder when u is divided by 1*((-75)/10)/(1/(-2)).
13
Suppose 0 = -2*l + 2 - 14. Let m be 3/l + (-7)/(-2). 